(-2)/(-3))/(2/57)?
16
Suppose 0 = -t - 5*g + 4, 3*t + g - 8 = 4. Let r = 7 - t. Calculate the remainder when -3 + (4 - r) - -15 is divided by 7.
6
Let c(k) = -k**3 - 6*k**2 - 6*k + 4. Let u = 37 + 5. What is the remainder when u is divided by c(-5)?
6
Let v = -42 + 66. What is the remainder when v is divided by 17?
7
Let b be 2/6 + 1720/15. Let t = -73 + b. Calculate the remainder when t is divided by 15.
12
Let q(i) = i + 5. Let t be q(-3). Suppose s - 10 = -t*k, 2*s = -5*k + 27 - 4. What is the remainder when 52/5 + 8/(-20) is divided by s?
2
Let j(w) = w**3 - 7*w**2 + 3*w + 8. Let v be j(6). Let s(t) = -t**2 - 15*t - 13. Calculate the remainder when s(v) is divided by 13.
11
Suppose r = 3*r - 470. Suppose 5*x - r = -2*f - 36, -f - 154 = -4*x. What is the remainder when x is divided by 20?
19
Suppose -114 = -3*h + 135. What is the remainder when h is divided by 21?
20
Let g = -53 + 90. What is the remainder when 147 is divided by g?
36
Let m(n) = -n**3 - 2*n**2 - n - 1. Let f(v) = -v**2 + v + 1. Let r(z) = -2*f(z) + m(z). What is the remainder when (62/(-8))/((-2)/8) is divided by r(-2)?
9
Let i(t) = t**3 + 5*t**2 + 5*t + 6. Let m be i(-4). Suppose -m*h = 1 - 7. Suppose -4 = -h*j + 8. Calculate the remainder when 7 is divided by j.
3
Let q = 198 - 138. What is the remainder when q is divided by 32?
28
Let w be (-12)/54 - 38/(-9). Suppose 0 = -4*z - 0*z + 4*f, w*z - 2*f - 6 = 0. Calculate the remainder when z - -1 - (2 + -2) is divided by 3.
1
Let t = -1 - 13. Let b = t - -23. Calculate the remainder when 33 is divided by b.
6
Let n = 6 + -2. Suppose s - n = 11. What is the remainder when s is divided by 8?
7
Calculate the remainder when 12/(-24)*(-139 + 1) is divided by 18.
15
Let h = -12 + 25. Let a be ((-1)/(-2))/(1/20). Let t = 47 - a. What is the remainder when t is divided by h?
11
Suppose f - 132 = -5*f. Calculate the remainder when 87 is divided by f.
21
Suppose 0 = 5*o + 5 - 0. Let m be 2*((-3 - o) + 4). Suppose -m*b = -28 - 4. Calculate the remainder when 21 is divided by b.
5
Suppose 3*l + 0*a + 4*a = 26, 2*a + 8 = 0. What is the remainder when 40 is divided by l?
12
Let s = 56 - 34. What is the remainder when s is divided by 9?
4
Suppose -4*m + 1 = -7. Suppose -30 = -m*d - d. What is the remainder when d is divided by 3?
1
Suppose 3*s - 16 - 41 = 0. Suppose 0 = -3*m + 6*m - 210. Suppose -4*z + 2*z = c - m, -4*z + 2*c + 148 = 0. Calculate the remainder when z is divided by s.
17
Let s be 3/2*(-16)/24. What is the remainder when 49 is divided by (-2)/(s/(-17)*-2)?
15
Suppose -3*f = -3*x + 30, -f - 26 = -3*x - 2*f. Calculate the remainder when 25 is divided by x.
7
Suppose 0 = u - 2*l - 17, -2*u - 3*u - l = -30. Suppose -1 - u = -w. What is the remainder when 14 is divided by w?
6
Suppose -n - 4 = -3*n. Let s be (-2)/(n/(-4) - 0). Suppose 0 = o + s*i - 4 + 5, 2*i + 39 = 5*o. What is the remainder when 26 is divided by o?
5
Let b = 11 + -7. Let l = b - 2. Suppose a - 2*a = -l. What is the remainder when 4 is divided by a?
0
Suppose 2*z = w + 48, -z + 69 = 2*z - 3*w. Suppose 3*m + y = 15, -5*m + z = -3*y - 0*y. What is the remainder when 14 is divided by m?
4
Let h(u) = -u**2 + 1. Let v(g) = -7*g - 12. Let o(c) = -h(c) + v(c). Calculate the remainder when (-169)/(-9) + (-2)/(-9) is divided by o(9).
4
Suppose 5*q - 4*k = k + 25, 0 = -2*q - 3*k + 5. Suppose q*g - 189 + 29 = 0. Suppose -2*n = 2*n - g. Calculate the remainder when n is divided by 4.
2
Let n(h) = -h**3 + 11*h**2 + 2*h - 1. What is the remainder when 80 is divided by n(11)?
17
Let g(l) = 2*l**3 + 15*l**2 + 9*l + 15. Let q(f) = -f**3 - 7*f**2 - 4*f - 7. Let r(w) = -6*g(w) - 13*q(w). Calculate the remainder when 2 is divided by r(1).
0
Let r be (-1 + -3)*(-4)/8. Let z = r - -6. Calculate the remainder when z is divided by 5.
3
Suppose 103 + 62 = -3*w. Let d = -37 - w. Let v = 157 - 105. What is the remainder when v is divided by d?
16
Calculate the remainder when 31 is divided by (-4 - -2)/((-4)/22).
9
Let z(w) = -w - 6. Let b(c) = c**2 + c - 7. Let m be b(0). Let s be z(m). Let l(v) = 18*v - 1. What is the remainder when l(s) is divided by 6?
5
What is the remainder when 33 is divided by (-35)/(-3) - 1/(-3)?
9
What is the remainder when 38 is divided by (-4)/(-8)*8 + 4?
6
Suppose 4*w + 2*u = 2002 - 558, -371 = -w - 3*u. Calculate the remainder when w is divided by 60.
59
What is the remainder when ((-7)/(-3))/(-1)*-6 is divided by 4?
2
Let u(m) = -m**3 - 12*m**2 - 4*m - 30. What is the remainder when 69 is divided by u(-12)?
15
Let x(j) = -j**3 + 3*j**2 + 6*j + 9. Calculate the remainder when x(4) is divided by 2.
1
Calculate the remainder when (((-14)/(-4))/7)/((-2)/(-40)) is divided by 7.
3
Let d(y) = 2*y - 28. What is the remainder when 39 is divided by d(17)?
3
Let f = 4 - -7. Calculate the remainder when 31 is divided by f.
9
Let c be ((-5)/2)/(2/(-36)). Suppose -4*g + c = g. Let w(v) = 3*v**2 - 4*v + 10. Calculate the remainder when w(3) is divided by g.
7
Let t = -71 + 37. Calculate the remainder when (24/(-5))/(t/255) is divided by 19.
17
What is the remainder when (54/(-5))/((-2)/10) is divided by 19?
16
Suppose z - 35 = 31. Let v(r) = 2*r + 4. Let n be v(-6). Calculate the remainder when z/10 + n/(-20) is divided by 3.
1
Suppose 2*f + 5 = 7*f. Suppose n + f + 2 = 0, 2*w + 2*n + 2 = 0. What is the remainder when 35 is divided by (-7 + 1)/((-1)/w)?
11
Let p be 9 - 0 - (-12)/(-3). Let i(y) = 8*y. What is the remainder when i(p) is divided by 14?
12
Suppose 0 = j - 5 - 0. Suppose 3*v + 56 = j*v. What is the remainder when v is divided by 15?
13
Suppose -4*i + 7 = -5. Suppose -i*s - 1 = -7. What is the remainder when 4 is divided by s?
0
Let n(t) = t**2 - 7*t - 1. Calculate the remainder when 83 is divided by n(-4).
40
Let r = 124 - 82. Suppose -n = -3*n. Suppose 4*t - 4*q - 44 = 0, -q + 11 = t - n. Calculate the remainder when r is divided by t.
9
Suppose 4*h = 4*j - 4, 0*j + 2*j - 4*h = -4. Suppose 2*v - 5*l = 61, -j*l = 2*v - 35 + 1. What is the remainder when v is divided by 13?
10
Let c = 8 + 9. Suppose 4*g - o = -0*o + 194, -2*g = -5*o - 106. Calculate the remainder when g is divided by c.
14
Let w(g) = -g**3 - 11*g**2 - 12*g - 12. Let t be w(-10). What is the remainder when t*-3*3/(-3) is divided by 13?
11
Let b(u) = -u**3 + 7*u**2 - 6*u - 4. Let a be b(6). Calculate the remainder when 23 is divided by a/20 + 62/10.
5
Let o(m) = 2*m - 2. Let z be o(6). Suppose -2*t + z = -0. Suppose -317 - 78 = -t*s. What is the remainder when s is divided by 27?
25
Let a(o) = 14*o + 6. Let p be a(5). Let j = p - 30. Let t = j - 24. Calculate the remainder when 42 is divided by t.
20
Suppose 3*z + c + 3 = 4, z - 3*c = 7. Let l = -2 + 37. Calculate the remainder when l is divided by z*1/(3/36).
11
Suppose x - 1 - 2 = 0. Suppose -100 = -0*d - 5*d. Suppose x*j + 2*j = d. What is the remainder when j is divided by 3?
1
Let i(w) = -10*w**2 - w. Let t be i(-1). What is the remainder when (-11)/(1 - t/(-6)) is divided by 8?
6
Let z = 31 - 59. Let g be z/(-6)*-3*-1. Let u = 10 + g. What is the remainder when u is divided by 13?
11
Let h(v) be the second derivative of -v**4/12 - 4*v**3/3 - 7*v**2/2 + 3*v. What is the remainder when 23 is divided by h(-5)?
7
Suppose -4*k - w + 441 = -0*k, 330 = 3*k + w. What is the remainder when k is divided by 28?
27
Let j = -37 + 42. What is the remainder when 23 is divided by j?
3
Suppose 0 + 10 = 5*v. Suppose -v*q = -q - 28. Let t(h) = h + 4. Calculate the remainder when q is divided by t(6).
8
Let x = 5 - 1. Suppose 32 = x*y - 36. Let j = 14 + -8. What is the remainder when y is divided by j?
5
Let j be (-12*1)/((-3)/4). Suppose 16 = 4*f - j. Calculate the remainder when f is divided by 5.
3
Let x(j) = 4*j + 1 + 2*j - 2. What is the remainder when 12 is divided by x(1)?
2
Let r(i) = -i**2 + 8*i + 7. What is the remainder when 19 is divided by r(8)?
5
Let b(g) = 4*g - 29. What is the remainder when 34 is divided by b(12)?
15
Let q be (-3 - 1)/(-1 - -3). Let s be (-5)/q*(-24)/30. Let t = s - -10. What is the remainder when 23 is divided by t?
7
Suppose 0 = o + 6 - 67. Calculate the remainder when o is divided by 31.
30
Suppose 2*i + 0*i - 30 = 0. Let o(l) be the second derivative of l**3/6 + 14*l**2 - 3*l. What is the remainder when o(0) is divided